NOAA Reports

NOAA style reports

NOAA-style Climate Reports, select Month or Year

2024: Jan | Feb | Mar | Apr | May | Jun | Jul | Aug | Sep | Oct | Nov | Dec 
2023: Jan | Feb | Mar | Apr | May | Jun | Jul | Aug | Sep | Oct | Nov | Dec 
2022: Jan | Feb | Mar | Apr | May | Jun | Jul | Aug | Sep | Oct | Nov | Dec 
2021: Jan | Feb | Mar | Apr | May | Jun | Jul | Aug | Sep | Oct | Nov | Dec 
2020: Jan | Feb | Mar | Apr | May | Jun | Jul | Aug | Sep | Oct | Nov | Dec 
2019: Jan | Feb | Mar | Apr | May | Jun | Jul | Aug | Sep | Oct | Nov | Dec 
2018: Jan | Feb | Mar | Apr | May | Jun | Jul | Aug | Sep | Oct | Nov | Dec 
2017: Jan | Feb | Mar | Apr | May | Jun | Jul | Aug | Sep | Oct | Nov | Dec 

Report for 2024 04
MONTHLY CLIMATOLOGICAL SUMMARY FOR 2024-04 Elevation: 70m Latitude: 55.606 Longitude: -5.137 Temperature in C, Rain in MM, Wind Speed in MPH and Pressure in HPA AVG AVG DOM DAY TEMP HIGH TIME LOW TIME RAIN WIND HIGH TIME DIR BAROM HUM ---------------------------------------------------------------------------------- 01 6.7 7.8 16:25 5.2 22:51 4.8 6.5 21.0 04:34 030 993.2 87 02 7.0 8.8 15:16 5.4 00:24 7.0 5.0 16.1 11:38 022 996.4 94 03 6.4 7.2 16:30 4.9 23:59 5.6 7.2 19.0 13:39 026 996.3 93 04 6.3 9.7 14:18 4.5 06:03 1.0 5.4 17.9 23:37 058 997.8 81 05 6.0 10.3 23:38 2.2 04:25 31.6 4.5 23.9 23:27 065 990.1 96 06 11.1 14.3 11:13 9.2 02:40 19.0 12.3 43.0 15:30 184 982.9 89 07 10.1 13.8 14:49 7.8 23:54 0.0 11.8 34.9 12:12 192 985.8 75 08 8.2 13.3 10:57 5.5 06:45 3.2 5.1 25.1 00:53 184 996.2 83 09 7.6 11.1 13:28 4.3 23:59 6.4 5.5 27.1 15:14 327 1002.1 81 10 8.4 12.5 20:15 3.3 01:17 22.2 5.8 32.0 19:21 198 1009.1 94 11 12.1 15.7 12:33 10.5 06:33 14.6 5.3 21.0 01:27 192 1015.4 90 12 11.9 14.3 12:57 10.1 23:59 6.6 5.5 25.9 18:02 189 1014.5 94 13 9.1 11.8 12:33 6.2 23:59 5.2 6.7 25.9 17:19 205 1010.8 85 14 7.6 11.3 13:33 4.8 06:48 9.8 5.5 30.0 01:38 205 1010.3 86 15 6.5 9.5 14:06 3.1 06:11 25.6 6.5 33.1 12:36 301 997.5 83 16 8.5 12.4 14:54 5.2 23:36 0.0 5.9 30.0 20:27 341 1011.9 68 17 7.4 12.1 16:36 3.3 04:58 0.0 3.4 17.9 14:00 336 1015.1 68 18 7.8 11.0 15:12 4.1 03:29 16.6 3.8 32.0 22:05 251 1014.8 88 19 10.1 12.8 15:05 7.9 06:36 0.0 6.5 27.1 07:49 345 1016.2 65 20 9.1 13.4 17:26 5.1 02:35 0.0 1.9 12.1 00:09 025 1026.0 74 21 : : : ---------------------------------------------------------------------------------- MONTH 8.4 15.7 11 2.2 05 179.2 6.0 43.0 06 WNW 1004.1 84